 is -27 + 4db?
4b4
In base 12, what is a751 - -2b?
a780
In base 15, what is 34b0 + 2?
34b2
In base 8, what is 221 - -73?
314
In base 6, what is -31131 - -21?
-31110
In base 7, what is -531 + -3011?
-3542
In base 11, what is -75 + -1125?
-119a
In base 7, what is 0 - 2316435?
-2316435
In base 9, what is 1314 - 13?
1301
In base 8, what is 2 - -350577?
350601
In base 11, what is 196 + -377?
-191
In base 7, what is 340 + 43?
413
In base 7, what is -2302 - -11605?
6303
In base 12, what is 8 - -2298?
22a4
In base 11, what is -35 - 1549?
-1583
In base 2, what is -11 - 100000010101110?
-100000010110001
In base 6, what is 3 + -2344042?
-2344035
In base 13, what is -8c + -70?
-12c
In base 14, what is -190 - a6?
-256
In base 5, what is 43230312 - -3?
43230320
In base 10, what is 4 - -88619?
88623
In base 14, what is 3 - 195b?
-1958
In base 5, what is -3224442 + -4?
-3230001
In base 9, what is 2 - 286430?
-286427
In base 4, what is -12010 + -1330023?
-2002033
In base 8, what is 2 + -23777?
-23775
In base 4, what is -1 + -31333320?
-31333321
In base 7, what is -60 - 222?
-312
In base 6, what is 3 + 303311?
303314
In base 15, what is -3a - 389?
-3c4
In base 6, what is 251442012 - 4?
251442004
In base 11, what is -32 + 5249?
5217
In base 3, what is 11112 + -1012111102?
-1012022220
In base 11, what is -29 - a270?
-a299
In base 15, what is -1e - -995?
976
In base 14, what is -151d - 4?
-1523
In base 12, what is -1 + -3614b3?
-3614b4
In base 8, what is 1 - -2035375?
2035376
In base 10, what is 10 - 162602?
-162592
In base 8, what is 2 - 65372?
-65370
In base 9, what is 48003 + -50?
47843
In base 10, what is 11631 - 29?
11602
In base 9, what is 136883 - -5?
136888
In base 12, what is 21441 + 3?
21444
In base 4, what is 101 - 1013230?
-1013123
In base 2, what is -100100001010011000 + -101?
-100100001010011101
In base 5, what is 2 + 122220133?
122220140
In base 4, what is 1 - -102011?
102012
In base 6, what is -20 - -402343?
402323
In base 8, what is 0 + 4344112?
4344112
In base 12, what is -4a + -543?
-591
In base 13, what is -2c97 - -5?
-2c92
In base 3, what is -1010121102 + -202?
-1010122011
In base 14, what is -60 + a35?
9b5
In base 16, what is 4 + -1bbe2e?
-1bbe2a
In base 16, what is 4 + 45d97?
45d9b
In base 13, what is -9 + -2a5?
-2b1
In base 6, what is -13 - -51032?
51015
In base 11, what is -20613 + 20?
-205a3
In base 13, what is -5 + 7a81?
7a79
In base 2, what is 111000 - 10100101111000?
-10100101000000
In base 4, what is -1032320030 - -2?
-1032320022
In base 15, what is -8 - -1d?
15
In base 11, what is -46a1 + -13?
-4704
In base 15, what is 5 + 45d9?
45de
In base 14, what is -4 - -238774?
238770
In base 7, what is -4 + -1035312?
-1035316
In base 11, what is 35611 - 4?
35608
In base 10, what is 0 - -474?
474
In base 6, what is -2221420 + 5?
-2221411
In base 7, what is 46 - -3324?
3403
In base 6, what is -1550 - -114?
-1432
In base 15, what is 3 - 6753b?
-67538
In base 8, what is -13313 + 2?
-13311
In base 12, what is -47809 - 11?
-4781a
In base 3, what is 11022202 - 1?
11022201
In base 14, what is -32 - 8113?
-8145
In base 3, what is -102001 - -10022111?
2220110
In base 14, what is 35 + -9c?
-67
In base 5, what is -30032 + -12?
-30044
In base 7, what is 1013242 - -5?
1013250
In base 9, what is -115 + -431?
-546
In base 9, what is -10186 - 11?
-10207
In base 16, what is -14def + -5?
-14df4
In base 16, what is 7 + -3065?
-305e
In base 11, what is -12 - -511?
4aa
In base 3, what is 2200 - -12210?
22110
In base 12, what is 2a199 - 1?
2a198
In base 2, what is -100000110 + 10110?
-11110000
In base 2, what is 1000111 - -10100101?
11101100
In base 14, what is c + -39b?
-38d
In base 3, what is 2111000202 + -1?
2111000201
In base 4, what is 11103322 - 2?
11103320
In base 8, what is 225 + 13705?
14132
In base 9, what is 2 - 215345?
-215343
In base 14, what is -8a44 - 0?
-8a44
In base 10, what is -2 - -28615?
28613
In base 5, what is 20102231 + -4?
20102222
In base 12, what is a42ab + 0?
a42ab
In base 16, what is 0 + -85a7d?
-85a7d
In base 4, what is 11310332 + 10?
11311002
In base 4, what is 1203001 + -130?
1202211
In base 16, what is b0ed - 0?
b0ed
In base 11, what is 75373 - 1?
75372
In base 6, what is 12 + -2104303?
-2104251
In base 15, what is d - -13ea?
1408
In base 2, what is -1011111000001010110001 - 100?
-1011111000001010110101
In base 7, what is 4 + -14046?
-14042
In base 8, what is -17601 - -106?
-17473
In base 13, what is 50 - -1b23?
1b73
In base 9, what is -737284 + 2?
-737282
In base 14, what is 680 + 715?
d95
In base 5, what is -43033044 + 31?
-43033013
In base 2, what is 1100100010101101 + -11?
1100100010101010
In base 7, what is 1311 - 2252?
-641
In base 9, what is 545 + -32?
513
In base 3, what is 122020 - 21001201?
-20102111
In base 13, what is -81 - -81?
0
In base 7, what is 14 + 2021062?
2021106
In base 15, what is 7 - 12027?
-12020
In base 9, what is -803 - -227?
-565
In base 4, what is -133 - -2033332?
2033133
In base 9, what is 144 - -173?
327
In base 6, what is 0 - 2152304?
-2152304
In base 15, what is 102e9 + -50?
10299
In base 8, what is -606 + 32?
-554
In base 13, what is -3 + abc87?
abc84
In base 16, what is a50 - c?
a44
In base 6, what is 222444 - -5?
222453
In base 8, what is -106330 + -4?
-106334
In base 13, what is -50c - 81?
-590
In base 14, what is -7c0 - -44?
-77a
In base 16, what is 532b - 3c?
52ef
In base 9, what is -2 + -421015?
-421017
In base 16, what is -4cf + -45e?
-92d
In base 7, what is -63 + 4?
-56
In base 3, what is -220 - -12011120?
12010200
In base 8, what is -4161 + 0?
-4161
In base 11, what is 737a + -1?
7379
In base 12, what is 191a1a + -3?
191a17
In base 13, what is -84b - 5?
-853
In base 5, what is 2 - 4102?
-4100
In base 6, what is 2143 - -13123?
15310
In base 8, what is 1021 - -11560?
12601
In base 14, what is 3 - 223c38?
-223c35
In base 11, what is 149098 + 3?
1490a0
In base 14, what is 14d + a5?
214
In base 12, what is -3 + 2a52?
2a4b
In base 14, what is 4 + 98a?
990
In base 8, what is -12 - 156557?
-156571
In base 16, what is -e - 279e2?
-279f0
In base 15, what is -1 + -a1a28?
-a1a29
In base 9, what is 1574 + -1181?
383
In base 7, what is -35 - 1240045?
-1240113
In base 14, what is 4 - -1c8a1?
1c8a5
In base 16, what is 31 - 2aef?
-2abe
In base 12, what is 603 - -2?
605
In base 14, what is -214 + -141?
-355
In base 7, what is 3362504 - -2?
3362506
In base 10, what is -518 + -96?
-614
In base 9, what is -4 - -561350?
561345
In base 6, what is 2302324 + 10?
2302334
In base 3, what is -1101 + 10002222?
10001121
In base 14, what is 16a30 - -3?
16a33
In base 13, what is -1 - 1b00c7?
-1b00c8
In base 12, what is 3 + 23751?
23754
In base 4, what is 113101 - -3?
113110
In base 2, what is -10100110 - -10101101101111?
10101011001001
In base 13, what is 2a990 - 2?
2a98b
In base 12, what is -10b874 + 2?
-10b872
In base 4, what is 1230002 + -21?
1223321
In base 11, what is 115 - 4605?
-44a0
In base 7, what is 24110 + 12?
24122
In base 9, what is 2 + 266607?
266610
In base 15, what is 3 - 2cd1e?
-2cd1b
In base 11, what is 32372 + 1?
32373
In base 11, what is 1279 - -566?
1834
In base 13, what is -445314 + -1?
-445315
In base 4, what is -11031 - -13?
-11012
In base 7, what is 3015132 + 20?
3015152
In base 5, what is -4220234 - 0?
-4220234
In base 15, what is -5 - 3a57?
-3a5c
In base 5, what is -1 + -23333343?
-23333344
In base 13, what is -a + 6abc8?
6abbb
In base 5, what is 110 - 300321?
-300211
In base 7, what is -4 + 35643?
35636
In base 3, what is -200101011 + 12?
-200100222
In base 8, what is -5 - 433214?
-433221
In base 8, what is 15601 + -54?
15525
In base 8, what is 302710 + 2?
302712
In base 10, what is -61 + 3812?
3751
In base 9, what is -5 + -1762211?
-1762216
In base 6, what is -1220 - 221?
-1441
In base 4, what is 10 + 1001011?
1001021
In base 16, what is -291 - -11?
-280
In base 15, what is -4 + 725e9?
725e5
In base 14, what is 47a58 + -1?
47a57
In base 12, what is -1212a92 - 4?
-1212a96
In base 15, what is 95597 + 1?
95598
In base 13, what is -418 - 32a?
-745
In base 2, what is 100111100010100001 + 0?
100111100010100001
In base 11, what is 2472 - -1a?
2491
In base 13, what is -117b43 - -3?
-117b40
In base 8, what is -1432 + 60?
-1352
In base 3, what is 21202122210 - -21?
21202200001
In base 7, what is -1325